False
Is 170 a factor of 6755412?
False
Is 571 a factor of 156515097?
True
Does 16 divide 12842547?
False
Is 1383 a factor of 3142455366?
True
Is 19 a factor of 7405457?
False
Is 832991920 a multiple of 380?
True
Does 30 divide 1061882490?
True
Is 1997375490 a multiple of 5830?
True
Is 99770505 a multiple of 15?
True
Is 23541978 a multiple of 478?
True
Does 7 divide 17004021?
False
Is 223 a factor of 41512788?
True
Does 46 divide 64498631?
False
Does 1291 divide 292823947?
False
Is 144 a factor of 195870240?
True
Is 25 a factor of 136998524?
False
Does 841 divide 6772957061?
False
Does 40 divide 152702840?
True
Is 2773349898 a multiple of 66?
True
Is 179546318 a multiple of 2339?
True
Does 9 divide 482746599?
True
Is 599 a factor of 34179539?
True
Is 280 a factor of 2449520?
False
Is 10612728 a multiple of 36?
True
Is 21 a factor of 131367159?
True
Is 10745 a factor of 1535064242?
False
Does 76 divide 194592224?
True
Is 23164800 a multiple of 128?
True
Does 148 divide 71595888?
True
Is 173 a factor of 3838516967?
False
Is 1353850 a multiple of 8?
False
Does 107 divide 183428247?
False
Is 21685539 a multiple of 4?
False
Does 17 divide 7953705?
True
Is 665428764 a multiple of 21?
True
Does 115 divide 396296641?
False
Is 182 a factor of 457673422?
False
Does 38 divide 17600460?
True
Is 936 a factor of 3373862049?
False
Does 3 divide 183595164?
True
Does 7 divide 69974845?
False
Is 190 a factor of 4620040?
True
Is 12 a factor of 4799808204?
True
Is 37 a factor of 659533547?
True
Is 41 a factor of 7256118?
False
Is 59 a factor of 16581124?
True
Is 6 a factor of 20386521?
False
Is 10931 a factor of 1856630350?
True
Does 11 divide 43392914?
False
Is 229 a factor of 98138637?
True
Is 34 a factor of 1272518?
True
Does 1870 divide 45231560?
True
Is 38 a factor of 7908661?
False
Is 17 a factor of 1759976?
True
Is 1012325 a multiple of 6?
False
Is 28 a factor of 2336336?
False
Does 1665 divide 24309943?
False
Does 356 divide 3631139286?
False
Is 70071288 a multiple of 84?
True
Is 10430 a factor of 906888500?
True
Is 2604436204 a multiple of 226?
True
Does 85 divide 29828986?
False
Is 49 a factor of 3110961?
True
Is 131734824 a multiple of 338?
True
Does 190 divide 550759040?
False
Is 3423155520 a multiple of 320?
True
Is 1647267699 a multiple of 65?
False
Does 3967 divide 484338964?
True
Is 480304148 a multiple of 42?
False
Is 40271235 a multiple of 721?
False
Is 63992170 a multiple of 2?
True
Does 489 divide 30437805?
True
Is 899 a factor of 1387674706?
False
Is 3396 a factor of 2911780576?
False
Is 36 a factor of 2797157088?
True
Does 24 divide 3151161216?
True
Does 2901 divide 31542859?
False
Is 46 a factor of 8584061?
False
Is 21 a factor of 1105708252?
False
Is 470789392 a multiple of 30?
False
Is 872959 a multiple of 97?
False
Does 10 divide 1696730363?
False
Is 36 a factor of 17735230?
False
Does 134 divide 756204427?
False
Does 2860 divide 148745783?
False
Is 32835552 a multiple of 114?
False
Is 402 a factor of 878032722?
True
Does 1296 divide 36963216?
True
Is 17522535 a multiple of 388?
False
Does 196 divide 333440567?
False
Does 414 divide 6733296?
True
Is 125146480 a multiple of 16?
True
Is 664 a factor of 962243568?
True
Is 371273247 a multiple of 9?
True
Does 11 divide 228222786?
True
Does 438 divide 4897716?
True
Is 2893178102 a multiple of 107?
False
Is 28154216 a multiple of 101?
False
Does 4 divide 10157588?
True
Is 149653104 a multiple of 48?
True
Is 6155 a factor of 52710951?
False
Is 23 a factor of 2000433579?
True
Is 4802539840 a multiple of 46?
True
Does 27 divide 283866950?
False
Does 366 divide 141137652?
True
Is 509593357 a multiple of 48?
False
Is 59117160 a multiple of 120?
True
Does 11 divide 5705975?
True
Is 19 a factor of 25150224?
True
Is 171 a factor of 81014670?
True
Does 340 divide 125653528?
False
Does 32 divide 90600666?
False
Is 12 a factor of 706461191?
False
Is 47777763 a multiple of 977?
False
Does 2241 divide 166533192?
True
Is 3412652473 a multiple of 84?
False
Does 8 divide 100229352?
True
Does 87 divide 7245096?
False
Is 69530672 a multiple of 4?
True
Does 4706 divide 253815113?
False
Is 1036 a factor of 144307231?
False
Is 10654285 a multiple of 1506?
False
Is 15 a factor of 58087590?
True
Is 282 a factor of 358186248?
True
Does 9 divide 3276407?
False
Is 1749968165 a multiple of 1332?
False
Is 4490180820 a multiple of 3197?
False
Does 150 divide 889078200?
True
Is 79 a factor of 108594107?
False
Is 2239 a factor of 2056420745?
True
Does 8 divide 50692624?
True
Is 2483645940 a multiple of 90?
True
Is 493 a factor of 70909176?
True
Is 723501644 a multiple of 268?
True
Is 1708 a factor of 56830284?
True
Is 45 a factor of 220824855?
True
Does 517 divide 1288109614?
False
Is 198184412 a multiple of 11?
False
Is 11 a factor of 41342495?
False
Is 5007256 a multiple of 113?
True
Does 6439 divide 374025574?
False
Does 294 divide 26607588?
True
Is 322 a factor of 1824414326?
True
Is 448505658 a multiple of 2493?
True
Does 1349 divide 105265168?
True
Is 7276 a factor of 4129638847?
False
Is 1988 a factor of 41207264?
True
Does 2613 divide 9134353?
False
Does 36 divide 47693736?
True
Is 6 a factor of 4491318?
True
Does 490 divide 454015718?
False
Does 576 divide 14448956?
False
Is 1404520065 a multiple of 195?
True
Does 9 divide 24042659?
False
Does 27 divide 2360978698?
False
Is 68186634 a multiple of 395?
False
Is 4 a factor of 691271416?
True
Is 21735763 a multiple of 17?
False
Is 30952176 a multiple of 16?
True
Is 1138 a factor of 111816466?
True
Is 13 a factor of 37175396?
False
Does 89 divide 63832669?
True
Does 76 divide 19687876?
True
Is 12146250 a multiple of 15?
True
Is 24790812 a multiple of 57?
False
Is 298 a factor of 1933859378?
True
Does 102 divide 24681348?
True
Is 231 a factor of 24134880?
True
Is 2549 a factor of 15989877?
True
Is 113 a factor of 17283576?
True
Does 188 divide 318102580?
True
Is 11 a factor of 6328058?
True
Is 415 a factor of 16451452?
False
Is 323 a factor of 16622905?
False
Does 16 divide 215260721?
False
Is 273151011 a multiple of 959?
True
Is 627025388 a multiple of 16556?
True
Is 19821288 a multiple of 24?
True
Is 105 a factor of 21808148?
False
Is 11 a factor of 132564322?
True
Is 281574318 a multiple of 267?
False
Does 5 divide 21485221?
False
Does 7 divide 660909130?
True
Is 12152076 a multiple of 71?
True
Does 36 divide 125156733?
False
Does 91 divide 69834674?
True
Is 17 a factor of 297316162?
True
Does 358 divide 45466000?
True
Is 770232178 a multiple of 787?
True
Is 157 a factor of 19932849?
False
Does 14 divide 291067294?
True
Does 1417 divide 47825167?
True
Is 1036 a factor of 196123088?
True
Is 392 a factor of 9912005?
False
Does 531 divide 1044232740?
True
Is 3471292819 a multiple of 7495?
False
Does 6 divide 776389?
False
Does 5 divide 764310640?
True
Is 19 a factor of 71520332?
True
Is 464 a factor of 93937728?
True
Is 5780 a factor of 413928920?
True
Does 7 divide 8745702?
True
Is 295683500 a multiple of 140?
True
Is 215 a factor of 1682438210?
True
Does 402 divide 12941988?
True
Is 51 a factor of 5207253?
True
Is 58762111 a multiple of 91?
False
Is 2030 a factor of 7127330?
True
Does 2877 divide 154805616?
True
Is 4999074 a multiple of 1548?
False
Is 1042164749 a multiple of 1301?
True
Does 142 divide 34841262?
True
Does 2165 divide 2197882020?
True
Is 46163072 a multiple of 32?
True
Is 177009054 a multiple of 38?
True
Does 902 divide 638080293?
False
Is 112 a factor of 244237280?
True
Is 81475575 a multiple of 5?
True
Is 24013143 a multiple of 231?
True
Is 5 a factor of 698848767?
False
Is 100 a factor of 442260?
False
Is 50035988 a multiple of 24?
False
Is 1634 a factor of 4564815930?
True
Is 112742563 a multiple of 51?
False
Is 1534106654 a multiple of 15?
False
Is 9388785 a multiple of 5?
True
Is 93499280 a multiple of 824?
True
Is 21285534 a multiple of 6?
True
Does 3309 divide 790351341?
True
Is 8914854 a multiple of 78?
True
Is 123485880 a multiple of 15?
True
Is 847 a factor of 32061559?
False
Does 26 divide 34841222?
True
Is 9 a factor of 280118349?
True
Is 45 a factor of 1592952817?
False
Is 5 a factor of 1459510?
True
Does 76 divide 854195159?
False
Is 75253727 a multiple of 1275?
False
Is 13 a factor of 12648662?
True
Is 1193421801 a multiple of 347?